- 1/20*q**5 + 14*q + 0 + 1/2*q**2. List the prime factors of c(-6).
5, 23
Let o be 0 + (12 + 4)/4. Suppose o*m - 473 = 2*m - z, -2*z = -6. List the prime factors of m.
5, 47
Let o(q) = -2*q**3 + 7*q**2 - 10*q + 6. Let r be o(-9). Suppose 0 = 5*n - r - 2244. What are the prime factors of n?
3, 97
Let t = -15585 - -30543. What are the prime factors of t?
2, 3, 277
Suppose -3*k = 5*p - 16, -4*p - 3*k = -22 + 8. Let s be 66/(-1188) + 7867/18. Suppose p*g - s = 69. List the prime factors of g.
11, 23
Suppose 70*f - 9 = 67*f. Suppose -38 - 46 = -f*i. Suppose -2*x - i = -4*x. What are the prime factors of x?
2, 7
Let d = 72814 + -49101. What are the prime factors of d?
23, 1031
Suppose 0 = 4*s + 16*s - 440. Suppose -2*d - 114 = -4*y, 83 = 3*y + 5*d - s. List the prime factors of y.
2, 3, 5
Let c = 2238 + -1340. Suppose c = 7*g - 5*g. List the prime factors of g.
449
Suppose 0 = 4*c + c + 5, 3*k + 4*c = -634. Let z = k + 212. List the prime factors of z.
2
Suppose 1688 - 644 = -9*t. Let d = -54 - t. What are the prime factors of d?
2, 31
Let h = -137518 - -205535. What are the prime factors of h?
17, 4001
Let z(u) = 17919*u - 56. List the prime factors of z(1).
17863
Let q(c) = 487*c + 18. Let o(m) = -1453*m - 53. Let y(a) = 3*o(a) + 8*q(a). List the prime factors of y(-3).
2, 3, 229
Let z = 854 - 849. Suppose -z*i + 9292 = -3*s + 2*s, -1864 = -i + 3*s. What are the prime factors of i?
2, 929
Let u(p) = 11 + 6*p + p + 8*p - 21*p. Let j be u(-6). Let f = 53 - j. What are the prime factors of f?
2, 3
Let v be 6/(-33) + 6957/(-33). Let y(i) = 217*i + 29. Let q be y(2). Let z = q + v. List the prime factors of z.
2, 3, 7
Let j(q) = 9*q - 32. Let h(s) = -9*s + 33. Let n(d) = -6*h(d) - 5*j(d). What are the prime factors of n(29)?
223
Suppose -w = -5*y + 20, -4*y - 2 = 3*w + 1. Suppose 4*g - 25 = y*x - 3, -18 = -x - 5*g. List the prime factors of ((6/9)/x)/(1/(-57)).
19
Let z(u) = u**3 + 3*u**2 + u + 3. Let f be z(0). Suppose 0 = 4*i - 4, -4*i = 5*j - f*i - 211. Let l = j + 36. What are the prime factors of l?
2, 3, 13
Let v be (25/10)/((-2)/12). List the prime factors of (-327)/v + (-1)/(-5).
2, 11
Let g be 0/3 - 4 - 712/8. Let d = -21 + g. Let w = -73 - d. List the prime factors of w.
41
Let x(p) = 7*p + 70. Suppose -14*m + 10*m + 56 = 0. Let n be x(m). Suppose n = 2*s + s - z, -s = 2*z - 49. What are the prime factors of s?
5, 11
Let m = 44 + -59. Let j be (-5)/m - (-404)/3. Suppose -j = -3*b - 3*c, -4*b - 4*c = b - 223. What are the prime factors of b?
43
Suppose 42*r + 2*s = 41*r + 25, 2*r - 4*s - 18 = 0. Suppose 7*b = r*b - 30. List the prime factors of b.
3
Let f(s) = 9*s - 7. Let c be f(-11). Let a = 534 + c. List the prime factors of a.
2, 107
Let p be -10 + 5 + 4092/11. Let h = 631 - p. What are the prime factors of h?
2, 3, 11
Let j(v) be the first derivative of v**4/2 + v**2/2 + 18. Let f be j(1). Suppose f*r - 280 + 61 = 0. List the prime factors of r.
73
Let w be 858/(-11)*30/27*-3. Suppose 382 = -4*y - u + 3*u, -3*y = 2*u + 297. Let q = w + y. What are the prime factors of q?
163
Suppose 4*y - 60 + 12 = 0. Let s be (y - 1) + (-4)/(-1). Suppose 26 + s = x. List the prime factors of x.
41
Let i(u) = -12*u**3 + u**2 - 82*u - 952. What are the prime factors of i(-12)?
2, 1307
Let o(s) = 12*s - 7. Let g be o(6). Let c = g + -65. Suppose c = -13*h + 20*h - 1820. What are the prime factors of h?
2, 5, 13
Suppose -6*n + 50 = -2*y - n, 5*y - 4*n = -125. Let m = y + 122. What are the prime factors of m?
97
Suppose 4*a + 3*z + 490 = -33, 4*a = -4*z - 528. Suppose 17*w + 9 = 20*w, -2*w = -3*x + 921. Let p = a + x. What are the prime factors of p?
2, 7, 13
List the prime factors of (6 + -2)*3/2*938.
2, 3, 7, 67
Let z(p) = -325*p + 830. What are the prime factors of z(-6)?
2, 5, 139
Let j be -4 + 1 + 1 + -18. Let t be (-15)/(-4) + (-5)/j. Suppose 24 = 5*b - t*b. What are the prime factors of b?
2, 3
Let q be -1*6424/(-2 + -6). Suppose 2*k + q = 3*k. List the prime factors of k.
11, 73
Let i = -1672 + 2699. Suppose -377*t = -378*t + i. What are the prime factors of t?
13, 79
Let h = -670 - 650. What are the prime factors of (h/9)/(10/(-105))?
2, 5, 7, 11
Suppose 2*l - 6*l - 4 = 0, -3*l = 5*k + 13. List the prime factors of (k + 37)/(2/18).
3, 5, 7
Suppose 66364 + 222716 = 11*v. What are the prime factors of v?
2, 3, 5, 73
Suppose 0 = -9*r + 364 + 257. Let f = r + -97. List the prime factors of -36*(198/f + (-40)/(-70)).
2, 3, 13
Let f = -18646 + 30755. What are the prime factors of f?
12109
Let o = 631 - 61. Suppose 2*d + 0*d = o. What are the prime factors of d?
3, 5, 19
Suppose -2*y + 5*y = 4*k - 17, 0 = -5*y - 15. Suppose o + 4*p - 2018 = -o, -3007 = -3*o - k*p. What are the prime factors of o?
3, 37
Suppose 3*z - 44557 = 4*m, -14*z + 17*z = 3*m + 44559. List the prime factors of z.
5, 2971
Let g be (-20)/40*7/(14/128). Let d be (-2)/4*202*-1. Let h = d + g. List the prime factors of h.
3, 23
Let l = -11320 - -37424. What are the prime factors of l?
2, 13, 251
Let k = 6905 + -3911. What are the prime factors of (12/18)/(4/k)?
499
Let v = 15331 + -10335. List the prime factors of v.
2, 1249
Let i(r) = 13*r**2 + 14*r - 93. List the prime factors of i(-22).
43, 137
Let l(o) = -19 + 11 - 273*o + 267*o - 14. Suppose -12*i + 7*i = 105. List the prime factors of l(i).
2, 13
Let c = 17807 - 9927. What are the prime factors of c?
2, 5, 197
Let a be (-2675377)/(-1387) - 4/(-38). Suppose -26*l + a = -1919. What are the prime factors of l?
2, 37
Let v(b) = 234*b - 750. List the prime factors of v(26).
2, 3, 7, 127
Let k = -31691 - -71501. List the prime factors of k.
2, 3, 5, 1327
Let h be (-4887)/(-21) - 2/(-7). Suppose 6*n - 109 = h. Let d = 189 + n. List the prime factors of d.
2, 3, 41
Let c(w) = -w**3 - 9*w**2 + 20*w - 14. Let g be c(-11). Let x be 1 + g + (-7 - -8). Suppose 29 = 11*h - x*h. What are the prime factors of h?
29
Suppose b - 5 = -3. Suppose -18 = b*d - 26. List the prime factors of d*28/(-24)*-18.
2, 3, 7
Let c = -26 + 26. Suppose -5*f + 4*m + 15 = -7, c = -5*f - 5*m + 40. What are the prime factors of (-596)/6*f*(-5)/20?
149
Let j(f) = -f - 4. Let z(g) = -425*g - 69. Let a(p) = 2*j(p) - z(p). What are the prime factors of a(3)?
2, 5, 7, 19
Let i(a) = -15*a**2 + 5*a + 7. Let m be i(-2). Let j = m + 54. What are the prime factors of 99 - j/((-27)/12)?
5, 19
Let z(j) = 6*j**3 + 3*j**2 - 5*j + 14. Let y(b) = b**3 + b. Let g(i) = -4*y(i) + z(i). Let x be g(6). Suppose 125 = -5*v + x. What are the prime factors of v?
3, 5
Let v = -2720 - -4579. Suppose v - 4519 = -7*j. What are the prime factors of j?
2, 5, 19
Suppose n = -5*j + 164, 5*n - 7*j = -2*j + 670. Let q = n - -418. List the prime factors of q.
557
Let n be (-48)/32 + (-2027)/(-2). Suppose 4*y + 4*g - n = 0, 1505 = 5*y - g + 270. Suppose 2*r - 8 = 0, 0 = -4*k + r - 3*r + y. What are the prime factors of k?
2, 3, 5
Let v(y) = 24*y + 17. Let h(b) = 59*b + 41. Let o(s) = -2*s - 1. Let p(j) = h(j) + 6*o(j). Let w(z) = 3*p(z) - 7*v(z). What are the prime factors of w(-2)?
2, 5
Let j = 3672 - 1882. What are the prime factors of 1 + 0 + j - (-203 - -202)?
2, 7
Suppose 3095 + 1564 = 3*m. Suppose n - 2*d = 392, -4*n + 2*d + m = -d. List the prime factors of n.
2, 193
Let k(o) = -3*o**3 + 15*o**2 + 7*o - 56. Let w(v) = 4*v**3 - 14*v**2 - 5*v + 58. Let b(q) = 3*k(q) + 2*w(q). List the prime factors of b(17).
3, 5
Suppose 0 = 3*c - 11 - 7. Let d be (c/(-8))/1*-128. Let k = 95 + d. List the prime factors of k.
191
Let v = -9514 + 16646. What are the prime factors of (-2)/(-40)*v + (-6)/10?
2, 89
Let c = -5505 + 10266. Suppose -4*n + 4*g + 2612 = 0, -2*g - c = -5*n - 1493. What are the prime factors of n?
2, 3, 109
Suppose 5*b - 2*u + 116 = 2*b, -2*u = -8. What are the prime factors of (-1)/(-6) - 4818/b?
2, 67
Suppose 0 = 12*v - 9*v - 993. Let u(x) = x**3 - 16*x**2 - 4*x - 35. Let m be u(16). Let a = m + v. List the prime factors of a.
2, 29
Let r(i) = -i**3 - 19*i**2 + 18*i - 35. Let a be r(-20). Suppose 0 = -4*l, -4*n - 884 = -a*n - 3*l. List the prime factors of n.
2, 13, 17
Let u be (-16)/(-2)*26*(-1)/(-4). Let b = u + -54. Let j(w) = -30*w**3 - 5*w**2 - 3*w + 4. What are the prime factors of j(b)?
2, 5, 23
Let r be (3/30*-6)/(8/(-6280)). Let k = -233 + r. What are the prime factors of k?
2, 7, 17
